{"id":7,"date":"2019-09-02T09:10:20","date_gmt":"2019-09-02T09:10:20","guid":{"rendered":"http:\/\/cafetufvan.se\/?page_id=7"},"modified":"2019-09-02T09:10:20","modified_gmt":"2019-09-02T09:10:20","slug":"aktiviteter","status":"publish","type":"page","link":"https:\/\/cafetufvan.se\/?page_id=7","title":{"rendered":"Aktiviteter"},"content":{"rendered":"\n<p>Vi arrangerar olika typer av event beroende p\u00e5 s\u00e4song och \u00f6nskem\u00e5l. B\u00e4st information om kommande event hittar du p\u00e5 v\u00e5r Facebooksida,\u00a0<a href=\"http:\/\/www.facebook.com\/cafetufvan\">www.facebook.com\/CafeTufvan<\/a>.<\/p>\n\n\n\n<p>Har du f\u00f6rslag p\u00e5 event som du \u00f6nskar att vi anordnar, tveka inte att h\u00f6ra av dig.<\/p>\n\n\n\n<h2>Spela Biljard<\/h2>\n\n\n\n<p>Caf\u00e9 Tufvan har tv\u00e5 biljardbord p\u00e5 \u00f6verv\u00e5ningen.&nbsp;Kostnad 50kr tim\/bord.<br>Ett av borden \u00e4r bokningsbart, det andra bokar du n\u00e4r du kommer hit.<\/p>\n\n\n\n<h2>Starta eget<\/h2>\n\n\n\n<p>Sugen att starta en bokklubb? Stickningcirkel? Skrivgrupp? Tufvan \u00e4r en perfekt samlingsplats.\u00a0Maila oss f\u00f6r att f\u00e5 din aktivitet listad h\u00e4r.<\/p>\n","protected":false},"excerpt":{"rendered":"<p>Vi arrangerar olika typer av event beroende p\u00e5 s\u00e4song och \u00f6nskem\u00e5l. B\u00e4st information om kommande event hittar du p\u00e5 v\u00e5r Facebooksida,\u00a0www.facebook.com\/CafeTufvan. Har du f\u00f6rslag p\u00e5 event som du \u00f6nskar att vi anordnar, tveka inte att h\u00f6ra av dig. Spela Biljard Caf\u00e9 Tufvan har tv\u00e5 biljardbord p\u00e5 \u00f6verv\u00e5ningen.&nbsp;Kostnad 50kr tim\/bord.Ett av borden \u00e4r bokningsbart, det andra [&hellip;]<\/p>\n","protected":false},"author":1,"featured_media":0,"parent":0,"menu_order":0,"comment_status":"closed","ping_status":"closed","template":"","meta":[],"_links":{"self":[{"href":"https:\/\/cafetufvan.se\/index.php?rest_route=\/wp\/v2\/pages\/7"}],"collection":[{"href":"https:\/\/cafetufvan.se\/index.php?rest_route=\/wp\/v2\/pages"}],"about":[{"href":"https:\/\/cafetufvan.se\/index.php?rest_route=\/wp\/v2\/types\/page"}],"author":[{"embeddable":true,"href":"https:\/\/cafetufvan.se\/index.php?rest_route=\/wp\/v2\/users\/1"}],"replies":[{"embeddable":true,"href":"https:\/\/cafetufvan.se\/index.php?rest_route=%2Fwp%2Fv2%2Fcomments&post=7"}],"version-history":[{"count":1,"href":"https:\/\/cafetufvan.se\/index.php?rest_route=\/wp\/v2\/pages\/7\/revisions"}],"predecessor-version":[{"id":8,"href":"https:\/\/cafetufvan.se\/index.php?rest_route=\/wp\/v2\/pages\/7\/revisions\/8"}],"wp:attachment":[{"href":"https:\/\/cafetufvan.se\/index.php?rest_route=%2Fwp%2Fv2%2Fmedia&parent=7"}],"curies":[{"name":"wp","href":"https:\/\/api.w.org\/{rel}","templated":true}]}}